{"id":9,"date":"2016-01-21T14:12:10","date_gmt":"2016-01-21T13:12:10","guid":{"rendered":"http:\/\/kuechen.clicklift.media\/?page_id=9"},"modified":"2019-01-02T18:10:53","modified_gmt":"2019-01-02T17:10:53","slug":"moderne-kuechen","status":"publish","type":"page","link":"https:\/\/www.kuechen.com\/ratgeber\/moderne-kuechen\/","title":{"rendered":"Moderne-K\u00fcchen"},"content":{"rendered":"<div class=\"fusion-fullwidth fullwidth-box fusion-fullwidth-1  fusion-parallax-none nonhundred-percent-fullwidth\" style=\"border-color:#eaeaea;border-bottom-width: 0px;border-top-width: 0px;border-bottom-style: solid;border-top-style: solid;padding-bottom:20px;padding-top:20px;padding-left:;padding-right:;\"><style type=\"text\/css\" scoped=\"scoped\">.fusion-fullwidth-1 {\n                            padding-left: px !important;\n                            padding-right: px !important;\n                        }<\/style><div class=\"fusion-row\"><div class=\"fusion-one-full fusion-layout-column fusion-column-last fusion-spacing-yes\" style=\"margin-top:0px;margin-bottom:20px;\"><div class=\"fusion-column-wrapper\"><h1 style=\"text-align: center;\" data-fontsize=\"48\" data-lineheight=\"62\">Moderne K\u00fcchen<\/h1>\n<p style=\"text-align: center;\">Die moderne K\u00fcche ist etwas, \u00fcber das man sich ausdr\u00fcckt. Sie ist ein Spiegel der Besitzer und genauso individuell. Ob Design oder Farben, Details oder herausstechende Merkmale, alles kann an einer K\u00fcche so ge\u00e4ndert werden, dass man sich sofort zuhause f\u00fchlt. Die K\u00fcche ist inzwischen mehr als nur der Ort, wo man das Mittagessen zubereitet. Inzwischen wurde die K\u00fcche wiederentdeckt, um die Freude am Experimentieren mit allerlei Zutaten zu f\u00f6rdern. Ob knallige Farben oder einem zeitlosen Wei\u00df, klassisches Holz oder dezente Farbt\u00f6ne, die \u00e4u\u00dfere Erscheinung kann dem eigenen Geschmack angepasst und mit Akzenten versehen werden. Anpassungsm\u00f6glichkeiten dieser Art lassen die K\u00fcche zu einem Raum werden, in dem man sich gerne aufh\u00e4lt.<\/p>\n<div class=\"fusion-sep-clear\"><\/div><div class=\"fusion-separator fusion-full-width-sep sep-none\" style=\"border-color:#eaeaea;margin-left: auto;margin-right: auto;margin-top:25px;\"><\/div><div class=\"fusion-clearfix\"><\/div><\/div><\/div><div class=\"fusion-clearfix\"><\/div><\/div><\/div><div class=\"fusion-fullwidth fullwidth-box fusion-fullwidth-2  fusion-parallax-none nonhundred-percent-fullwidth\" style=\"border-color:#eaeaea;border-bottom-width: 0px;border-top-width: 0px;border-bottom-style: solid;border-top-style: solid;padding-bottom:20px;padding-top:20px;padding-left:;padding-right:;\"><style type=\"text\/css\" scoped=\"scoped\">.fusion-fullwidth-2 {\n                            padding-left: px !important;\n                            padding-right: px !important;\n                        }<\/style><div class=\"fusion-row\"><div class=\"fusion-one-third fusion-layout-column fusion-spacing-yes\" style=\"margin-top:0px;margin-bottom:20px;\"><div class=\"fusion-column-wrapper\"><span class=\"fusion-imageframe imageframe-none imageframe-1 hover-type-zoomin\"> <img src=\"https:\/\/www.kuechen.com\/ratgeber\/wp-content\/uploads\/kuechenzeile-300-anthrazit-.jpg\" alt=\"K\u00fcchenzeile mit Elektroger\u00e4te und Apothekerschrank\" class=\"img-responsive\"\/><\/span><p>Moderne K\u00fcche mit einer Breite von 300 cm mit Elektrorger\u00e4te und Apothekerschrank.<\/p>\n<div class=\"fusion-clearfix\"><\/div><\/div><\/div><div class=\"fusion-one-third fusion-layout-column fusion-spacing-yes\" style=\"margin-top:0px;margin-bottom:20px;\"><div class=\"fusion-column-wrapper\"><span class=\"fusion-imageframe imageframe-none imageframe-2 hover-type-zoomin\"> <img src=\"https:\/\/www.kuechen.com\/ratgeber\/wp-content\/uploads\/kuechenzeile-300-cm.jpg\" alt=\"Moderne und hochwertige K\u00fcchenzeile mit einer Breite von 300 cm \" class=\"img-responsive\"\/><\/span><p>Moderne und hochwertige K\u00fcche mit einer Breite von 300 cm<\/p>\n<div class=\"fusion-clearfix\"><\/div><\/div><\/div><div class=\"fusion-one-third fusion-layout-column fusion-column-last fusion-spacing-yes\" style=\"margin-top:0px;margin-bottom:20px;\"><div class=\"fusion-column-wrapper\"><span class=\"fusion-imageframe imageframe-none imageframe-3 hover-type-zoomin\"> <img src=\"https:\/\/www.kuechen.com\/ratgeber\/wp-content\/uploads\/kuechenzeile-300-cm-anthraz.jpg\" alt=\"Wundersch\u00f6ne K\u00fcchenzeile in anthrazit Hochglanz mit Elektroger\u00e4te\" class=\"img-responsive\"\/><\/span><p>Wundersch\u00f6ne K\u00fcchenzeile in anthrazit Hochglanz mit Elektroger\u00e4te<\/p>\n<div class=\"fusion-clearfix\"><\/div><\/div><\/div><div class=\"fusion-clearfix\"><\/div><\/div><\/div><div class=\"fusion-fullwidth fullwidth-box fusion-fullwidth-3  fusion-parallax-none nonhundred-percent-fullwidth\" style=\"border-color:#eaeaea;border-bottom-width: 0px;border-top-width: 0px;border-bottom-style: solid;border-top-style: solid;padding-bottom:20px;padding-top:20px;padding-left:;padding-right:;\"><style type=\"text\/css\" scoped=\"scoped\">.fusion-fullwidth-3 {\n                            padding-left: px !important;\n                            padding-right: px !important;\n                        }<\/style><div class=\"fusion-row\"><div class=\"fusion-one-third fusion-layout-column fusion-spacing-yes\" style=\"margin-top:0px;margin-bottom:20px;\"><div class=\"fusion-column-wrapper\"><span class=\"fusion-imageframe imageframe-none imageframe-4 hover-type-zoomin\"><a href=\"https:\/\/www.kuechen.com\/ratgeber\/wp-content\/uploads\/kuechenzeile-hochglanz-300.jpg\" class=\"fusion-lightbox\" data-rel=\"iLightbox[571d5f33de345f98bf6]\" data-caption=\"Klassische K\u00fcchenzeile in Hochglanz wei\u00df mit einer Breite von 300 cm\" data-title=\"K\u00fcchenzeile Hochglanz wei\u00df 300 cm\"> <img src=\"https:\/\/www.kuechen.com\/ratgeber\/wp-content\/uploads\/kuechenzeile-hochglanz-300.jpg\" alt=\"Klassische K\u00fcchenzeile in Hochglanz wei\u00df mit einer Breite von 300 cm\" class=\"img-responsive\"\/><\/a><\/span><p>Moderne K\u00fcche in Hochglanz wei\u00df mit einer Breite von 300 cm<\/p>\n<div class=\"fusion-clearfix\"><\/div><\/div><\/div><div class=\"fusion-one-third fusion-layout-column fusion-spacing-yes\" style=\"margin-top:0px;margin-bottom:20px;\"><div class=\"fusion-column-wrapper\"><span class=\"fusion-imageframe imageframe-none imageframe-5 hover-type-zoomin\"><a href=\"https:\/\/www.kuechen.com\/ratgeber\/wp-content\/uploads\/kuechenzeile-anthrazit.jpg\" class=\"fusion-lightbox\" data-rel=\"iLightbox[5840553b76e3978471b]\" data-caption=\"Moderne K\u00fcchenzeile mit Backofen und Dunstabzugshaube, Sp\u00fclenschrank, K\u00fchlschrank\" data-title=\"K\u00fcchenzeile mit Backofen und Dunstabzugshaube\"> <img src=\"https:\/\/www.kuechen.com\/ratgeber\/wp-content\/uploads\/kuechenzeile-anthrazit.jpg\" alt=\"Klassische K\u00fcchenzeile in Hochglanz wei\u00df mit einer Breite von 300 cm\" class=\"img-responsive\"\/><\/a><\/span><p>Klassische K\u00fcche in Hochglanz wei\u00df mit einer Breite von 300 cm<\/p>\n<div class=\"fusion-clearfix\"><\/div><\/div><\/div><div class=\"fusion-one-third fusion-layout-column fusion-column-last fusion-spacing-yes\" style=\"margin-top:0px;margin-bottom:20px;\"><div class=\"fusion-column-wrapper\"><span class=\"fusion-imageframe imageframe-none imageframe-6 hover-type-zoomin\"><a href=\"https:\/\/www.kuechen.com\/ratgeber\/wp-content\/uploads\/kuechenzeile-im-landhaussti.jpg\" class=\"fusion-lightbox\" data-rel=\"iLightbox[c38e8ae21d55c6823b6]\" data-caption=\"Sch\u00f6ne K\u00fcchenzeile im Landhausstil mit Elektroger\u00e4te\" data-title=\"K\u00fcchenzeile im Landhausstil\"> <img src=\"https:\/\/www.kuechen.com\/ratgeber\/wp-content\/uploads\/kuechenzeile-im-landhaussti.jpg\" alt=\"Sch\u00f6ne K\u00fcchenzeile im Landhausstil mit Elektroger\u00e4te\" class=\"img-responsive\"\/><\/a><\/span><p>Sch\u00f6ne K\u00fcchenzeile im Landhausstil mit Elektroger\u00e4te<\/p>\n<div class=\"fusion-clearfix\"><\/div><\/div><\/div><div class=\"fusion-clearfix\"><\/div><\/div><\/div><div class=\"fusion-fullwidth fullwidth-box fusion-fullwidth-4  fusion-parallax-none nonhundred-percent-fullwidth\" style=\"border-color:#eaeaea;border-bottom-width: 0px;border-top-width: 0px;border-bottom-style: solid;border-top-style: solid;padding-bottom:20px;padding-top:20px;padding-left:;padding-right:;\"><style type=\"text\/css\" scoped=\"scoped\">.fusion-fullwidth-4 {\n                            padding-left: px !important;\n                            padding-right: px !important;\n                        }<\/style><div class=\"fusion-row\"><div class=\"fusion-one-full fusion-layout-column fusion-column-last fusion-spacing-yes\" style=\"margin-top:0px;margin-bottom:20px;\"><div class=\"fusion-column-wrapper\"><div class=\"fusion-sep-clear\"><\/div><div class=\"fusion-separator fusion-full-width-sep sep-single\" style=\"border-color:#25a9bd;border-top-width:2px;margin-left: auto;margin-right: auto;margin-top:15px;margin-bottom:70px;width:100%;max-width:100%;\"><\/div><div class=\"fusion-sep-clear\"><\/div><div class=\"fusion-separator fusion-full-width-sep sep-none\" style=\"border-color:#eaeaea;margin-left: auto;margin-right: auto;margin-top:24px;\"><\/div><div class=\"fusion-clearfix\"><\/div><\/div><\/div><div class=\"fusion-clearfix\"><\/div><\/div><\/div><div class=\"fusion-fullwidth fullwidth-box fusion-fullwidth-5  fusion-parallax-none nonhundred-percent-fullwidth\" style=\"border-color:#eaeaea;border-bottom-width: 0px;border-top-width: 0px;border-bottom-style: solid;border-top-style: solid;padding-bottom:20px;padding-top:20px;padding-left:;padding-right:;\"><style type=\"text\/css\" scoped=\"scoped\">.fusion-fullwidth-5 {\n                            padding-left: px !important;\n                            padding-right: px !important;\n                        }<\/style><div class=\"fusion-row\"><div class=\"fusion-one-full fusion-layout-column fusion-column-last fusion-spacing-yes\" style=\"margin-top:0px;margin-bottom:20px;\"><div class=\"fusion-column-wrapper\"><h2 data-fontsize=\"40\" data-lineheight=\"58\">Moderne K\u00fcchenzeilen<\/h2>\n<p style=\"text-align: left;\">Eine Moderne Einbauk\u00fcche l\u00e4sst sich dabei gut auf seine Besitzer einstellen. Dies bedeutet nichts anderes als dass sie sich den r\u00e4umlichen Gegebenheiten anpassen l\u00e4sst, indem man unterschiedlich hohe Schr\u00e4nke finden und einbauen kann, dass man eine Herdplatte bekommt, die unterschiedlich viele Ceranfelder hat und die auch die R\u00e4ume f\u00fcr die Sp\u00fclmaschine und den Ofen, vielleicht auch f\u00fcr die Mikrowelle hat. Auch optisch ist heutzutage viel umsetzbar, indem man zwischen verschiedensten Farben und T\u00f6nen w\u00e4hlt. Die Oberfl\u00e4chen der K\u00fcchenm\u00f6bel k\u00f6nnen so mit einem \u00e4hnlichen Farbton versehen werden wie die anderen M\u00f6bel in der K\u00fcche, um sich nahtlos einzuf\u00fcgen. Genauso lie\u00dfe sich aber auch eine herausstechende Farbe w\u00e4hlen, die die Einbauk\u00fcche in den Mittelpunkt eines Raumes verwandelt.<\/p>\n<div class=\"fusion-clearfix\"><\/div><\/div><\/div><div class=\"fusion-clearfix\"><\/div><\/div><\/div><div class=\"fusion-sep-clear\"><\/div><div class=\"fusion-separator fusion-full-width-sep sep-none\" style=\"border-color:#eaeaea;margin-left: auto;margin-right: auto;margin-top:75px;\"><\/div><div class=\"fusion-fullwidth fullwidth-box fusion-fullwidth-6  fusion-parallax-none nonhundred-percent-fullwidth\" style=\"border-color:#eaeaea;border-bottom-width: 0px;border-top-width: 0px;border-bottom-style: solid;border-top-style: solid;padding-bottom:20px;padding-top:20px;padding-left:;padding-right:;background-color:#25a9bd;\"><style type=\"text\/css\" scoped=\"scoped\">.fusion-fullwidth-6 {\n                            padding-left: px !important;\n                            padding-right: px !important;\n                        }<\/style><div class=\"fusion-row\"><div class=\"fusion-one-full fusion-layout-column fusion-column-last fusion-spacing-yes\" style=\"margin-top:0px;margin-bottom:20px;\"><div class=\"fusion-column-wrapper\"><div class=\"fusion-sep-clear\"><\/div><div class=\"fusion-separator fusion-full-width-sep sep-none\" style=\"border-color:#eaeaea;margin-left: auto;margin-right: auto;margin-top:25px;\"><\/div><h3 style=\"text-align: center;\" data-fontsize=\"40\" data-lineheight=\"58\"><span style=\"color: #ffffff;\">Moderne K\u00fcche planen<\/span><\/h3>\n<p><span style=\"color: #ffffff;\">Wenn man eine moderne K\u00fcche anschaffen m\u00f6chte, so ist trotz aller Fantasie die Planung sehr wichtig. Man denke nur an die verf\u00fcgbaren Anschl\u00fcsse in der K\u00fcche und, noch wichtiger, den verf\u00fcgbaren Platz in der K\u00fcche selber. Eine K\u00fcche kann noch so vielseitig und sch\u00f6n sein, doch ohne Bewegungsfreiheit l\u00e4sst sich da nicht gem\u00fctlich etwas tolles kochen. Ebenso sollte man daran denken, welche Ger\u00e4te man hat und wo man sie denn hinstellt. Hat man genug Abstellfl\u00e4che f\u00fcr den Wasserkocher, den Mixer und den Toaster? Und gibt es gen\u00fcgend Stauraum f\u00fcr das Geschirr und K\u00fcchenger\u00e4te, die man verstauen m\u00f6chte? Passen gro\u00dfe Ger\u00e4tschaften wie der bereits erw\u00e4hnte Ofen in die daf\u00fcr vorgesehenen \u00d6ffnungen? Auch finanziell sollte man sich f\u00fcr eine K\u00fcche nicht \u00fcbernehmen, denn sonst schmeckt das Essen nicht, dass man sich da zaubern m\u00f6chte. Wichtiger aber ist, dass man mit dem Konzept am Ende selber zufrieden ist. Denn schlie\u00dflich ist ein K\u00fcchenkauf etwas sentimentales und seltenes.<\/span><\/p>\n<p><span style=\"color: #ffffff;\">Wer eine moderne K\u00fcche kaufen m\u00f6chte, der hat alle M\u00f6glichkeiten, um etwas Individuelles zu erhalten, indem man sich und den eigenen Geschmack erkennt. Doch weil ein K\u00fcchenkauf auch ein gro\u00dfes Unterfangen ist, sollte man sich stets bewusst sein, was man zu beachten hat. Denn nur so wird aus der neuen K\u00fcche auch der Ort, an dem man sich gerne aufh\u00e4lt und ein leckeres Abendessen f\u00fcr die Familie zaubert.<\/span><\/p>\n<div class=\"fusion-sep-clear\"><\/div><div class=\"fusion-separator fusion-full-width-sep sep-none\" style=\"border-color:#eaeaea;margin-left: auto;margin-right: auto;margin-top:15px;\"><\/div><div class=\"fusion-clearfix\"><\/div><\/div><\/div><div class=\"fusion-clearfix\"><\/div><\/div><\/div>\n","protected":false},"excerpt":{"rendered":"","protected":false},"author":1,"featured_media":0,"parent":0,"menu_order":0,"comment_status":"closed","ping_status":"closed","template":"100-width.php","meta":[],"_links":{"self":[{"href":"https:\/\/www.kuechen.com\/ratgeber\/wp-json\/wp\/v2\/pages\/9"}],"collection":[{"href":"https:\/\/www.kuechen.com\/ratgeber\/wp-json\/wp\/v2\/pages"}],"about":[{"href":"https:\/\/www.kuechen.com\/ratgeber\/wp-json\/wp\/v2\/types\/page"}],"author":[{"embeddable":true,"href":"https:\/\/www.kuechen.com\/ratgeber\/wp-json\/wp\/v2\/users\/1"}],"replies":[{"embeddable":true,"href":"https:\/\/www.kuechen.com\/ratgeber\/wp-json\/wp\/v2\/comments?post=9"}],"version-history":[{"count":23,"href":"https:\/\/www.kuechen.com\/ratgeber\/wp-json\/wp\/v2\/pages\/9\/revisions"}],"predecessor-version":[{"id":792,"href":"https:\/\/www.kuechen.com\/ratgeber\/wp-json\/wp\/v2\/pages\/9\/revisions\/792"}],"wp:attachment":[{"href":"https:\/\/www.kuechen.com\/ratgeber\/wp-json\/wp\/v2\/media?parent=9"}],"curies":[{"name":"wp","href":"https:\/\/api.w.org\/{rel}","templated":true}]}}