{"id":753,"date":"2018-06-05T10:11:59","date_gmt":"2018-06-05T08:11:59","guid":{"rendered":"https:\/\/www.kuechen.com\/ratgeber\/?page_id=753"},"modified":"2018-06-05T10:16:32","modified_gmt":"2018-06-05T08:16:32","slug":"kuechenstudios","status":"publish","type":"page","link":"https:\/\/www.kuechen.com\/ratgeber\/kuechenstudios\/","title":{"rendered":"K\u00fcchenstudios"},"content":{"rendered":"<h1>K\u00fcchenstudio anmelden<\/h1>\n<p>Melden Sie ihr K\u00fcchenstudio auf kuechen.com an und vergr\u00f6\u00dfern Sie ihre Reichweite im Netz. Sie sind haben ein K\u00fcchenstudio in Deutschland, \u00d6sterreich oder der Schweiz? Senden Sie uns eine E-Mail wir werden sie mit Ihren Daten in unserem K\u00fcchenstudio-Verzeichnis bei uns Eintragen.<\/p>\n<p>Senden Sie uns ein Mail an kuechenstudio@kuechen.com<\/p>\n<p>F\u00fcr weiter Fragen k\u00f6nnen Sie uns auch Telefonisch kontaktieren unter der Rufnummer 07262 \/ 40 93 997<\/p>\n","protected":false},"excerpt":{"rendered":"<p>K\u00fcchenstudio anmelden Melden Sie ihr K\u00fcchenstudio auf kuechen.com an und vergr\u00f6\u00dfern Sie ihre Reichweite im Netz. Sie sind haben ein K\u00fcchenstudio in Deutschland, \u00d6sterreich oder der Schweiz? Senden Sie uns eine E-Mail wir werden sie mit Ihren Daten in unserem K\u00fcchenstudio-Verzeichnis bei uns Eintragen. Senden Sie uns ein Mail an kuechenstudio@kuechen.com F\u00fcr weiter Fragen k\u00f6nnen [&hellip;]<\/p>\n","protected":false},"author":1,"featured_media":0,"parent":0,"menu_order":0,"comment_status":"closed","ping_status":"closed","template":"","meta":[],"_links":{"self":[{"href":"https:\/\/www.kuechen.com\/ratgeber\/wp-json\/wp\/v2\/pages\/753"}],"collection":[{"href":"https:\/\/www.kuechen.com\/ratgeber\/wp-json\/wp\/v2\/pages"}],"about":[{"href":"https:\/\/www.kuechen.com\/ratgeber\/wp-json\/wp\/v2\/types\/page"}],"author":[{"embeddable":true,"href":"https:\/\/www.kuechen.com\/ratgeber\/wp-json\/wp\/v2\/users\/1"}],"replies":[{"embeddable":true,"href":"https:\/\/www.kuechen.com\/ratgeber\/wp-json\/wp\/v2\/comments?post=753"}],"version-history":[{"count":3,"href":"https:\/\/www.kuechen.com\/ratgeber\/wp-json\/wp\/v2\/pages\/753\/revisions"}],"predecessor-version":[{"id":757,"href":"https:\/\/www.kuechen.com\/ratgeber\/wp-json\/wp\/v2\/pages\/753\/revisions\/757"}],"wp:attachment":[{"href":"https:\/\/www.kuechen.com\/ratgeber\/wp-json\/wp\/v2\/media?parent=753"}],"curies":[{"name":"wp","href":"https:\/\/api.w.org\/{rel}","templated":true}]}}