{"id":635,"date":"2018-01-26T17:21:57","date_gmt":"2018-01-26T16:21:57","guid":{"rendered":"https:\/\/www.kuechen.com\/ratgeber\/?page_id=635"},"modified":"2018-01-28T17:12:22","modified_gmt":"2018-01-28T16:12:22","slug":"dunstabzugshaube","status":"publish","type":"page","link":"https:\/\/www.kuechen.com\/ratgeber\/dunstabzugshaube\/","title":{"rendered":"Dunstabzugshaube"},"content":{"rendered":"<h1>Dunstabzugshaube<\/h1>\n<p>Jeder von uns wird in seinem Leben mindestens einmal umziehen oder schon umgezogen sein und beim Ausbau der K\u00fcche wird fr\u00fcher oder sp\u00e4ter der Kauf einer Dunstabzugshaube unabdingbar sein!<\/p>\n<div class=\"fusion-sep-clear\"><\/div><div class=\"fusion-separator fusion-full-width-sep sep-none\" style=\"border-color:#eaeaea;margin-left: auto;margin-right: auto;margin-top:;\"><\/div><p>Eine Dunstabzugshaube wird n\u00e4mlich daf\u00fcr sorgen, dass die Luft in der K\u00fcche von den D\u00e4mpfen des gekochten Essens ges\u00e4ubert wird. Der Koch \u2013 und Backdunst besteht nicht nur aus Wasser und Luft, auch Fett, welches unangenehme Ger\u00fcche in sich tr\u00e4gt, verbreitet sich von der K\u00fcche aus im gesamten Haus. Durch ein spezielles Gebl\u00e4se sowie einen Fettfilter, welche sich im Geh\u00e4use der Abzugshaube befinden, wird nach dem Einschalten die verschmutzte Luft abgesaugt und gefiltert aus der Wohnung ins Freie entlassen.<\/p>\n<h2>Was ist beim Kauf einer Dunstabzugshaube zu beachten?<\/h2>\n<p>Beim Kauf einer Abzugshaube ist darauf hinzuweisen, dass es welche mit Abluftbetrieb und welche mit Umluft zu erwerben gibt. Sollten es die baulichen Vorkehrungen jedoch zulassen, sollte man auf jeden Fall das Abluftger\u00e4t kaufen. Es bietet die Vorteile, dass es leiser l\u00e4uft als das Umluftgebl\u00e4se, zudem keinen Aktivkohlefilter ben\u00f6tigt, der oft gewechselt werden muss und folglich ins Geld geht und ganz einfach eine h\u00f6here Reinigungsarbeit leistet.<\/p>\n<p>Was aber auf jeden Fall beachtet werden muss ist, dass Sie bei einem Gasherd nicht ohne weiteres eine Dunstabzugshaube anbringen d\u00fcrfen! Der Abzug k\u00f6nnte das Feuer direkt aus dem Herd ziehen. Deshalb muss man, bevor man eine Dunstabzugshaube \u00fcber einem Gasherd montiert, unbedingt seinen Schornsteinfeger um Rat bitten, der sich mit solchen F\u00e4llen auskennen muss.<\/p>\n\n","protected":false},"excerpt":{"rendered":"","protected":false},"author":1,"featured_media":0,"parent":0,"menu_order":0,"comment_status":"closed","ping_status":"closed","template":"","meta":[],"_links":{"self":[{"href":"https:\/\/www.kuechen.com\/ratgeber\/wp-json\/wp\/v2\/pages\/635"}],"collection":[{"href":"https:\/\/www.kuechen.com\/ratgeber\/wp-json\/wp\/v2\/pages"}],"about":[{"href":"https:\/\/www.kuechen.com\/ratgeber\/wp-json\/wp\/v2\/types\/page"}],"author":[{"embeddable":true,"href":"https:\/\/www.kuechen.com\/ratgeber\/wp-json\/wp\/v2\/users\/1"}],"replies":[{"embeddable":true,"href":"https:\/\/www.kuechen.com\/ratgeber\/wp-json\/wp\/v2\/comments?post=635"}],"version-history":[{"count":2,"href":"https:\/\/www.kuechen.com\/ratgeber\/wp-json\/wp\/v2\/pages\/635\/revisions"}],"predecessor-version":[{"id":652,"href":"https:\/\/www.kuechen.com\/ratgeber\/wp-json\/wp\/v2\/pages\/635\/revisions\/652"}],"wp:attachment":[{"href":"https:\/\/www.kuechen.com\/ratgeber\/wp-json\/wp\/v2\/media?parent=635"}],"curies":[{"name":"wp","href":"https:\/\/api.w.org\/{rel}","templated":true}]}}