{"id":429,"date":"2016-02-24T16:11:46","date_gmt":"2016-02-24T15:11:46","guid":{"rendered":"https:\/\/www.kuechen.com\/ratgeber\/?page_id=429"},"modified":"2018-03-02T11:20:31","modified_gmt":"2018-03-02T10:20:31","slug":"blog","status":"publish","type":"page","link":"https:\/\/www.kuechen.com\/ratgeber\/blog\/","title":{"rendered":"Blog"},"content":{"rendered":"<div class=\"fusion-fullwidth fullwidth-box fusion-fullwidth-1  fusion-parallax-none nonhundred-percent-fullwidth\" style=\"border-color:#eaeaea;border-bottom-width: 0px;border-top-width: 0px;border-bottom-style: solid;border-top-style: solid;padding-bottom:4%;padding-top:10px;padding-left:0px;padding-right:0px;\"><style type=\"text\/css\" scoped=\"scoped\">.fusion-fullwidth-1 {\n                            padding-left: 0px !important;\n                            padding-right: 0px !important;\n                        }<\/style><div class=\"fusion-row\"><div class=\"fusion-one-full fusion-layout-column fusion-column-last fusion-spacing-yes\" style=\"margin-top:0px;margin-bottom:30px;\"><div class=\"fusion-column-wrapper\"><p style=\"font-size: 16px; letter-spacing: 6px; text-align: left;\"><span style=\"color: #525252;\"><strong>Blogbeitr\u00e4ge auf kuechen.com<br \/>\n<\/strong><\/span><\/p>\n<div class=\"fusion-sep-clear\"><\/div><div class=\"fusion-separator fusion-full-width-sep sep-single\" style=\"border-color:#ff8d61;border-top-width:2px;margin-top:-6px;margin-bottom:45px;\"><\/div><div class=\"fusion-blog-shortcode fusion-blog-shortcode-1 fusion-blog-archive fusion-blog-layout-grid-wrapper fusion-blog-infinite\"><style type=\"text\/css\">.fusion-blog-shortcode-1 .fusion-blog-layout-grid .fusion-post-grid{padding:15px;}.fusion-blog-shortcode-1 .fusion-posts-container{margin-left: -15px !important; margin-right:-15px !important;}<\/style><div class=\"fusion-posts-container fusion-posts-container-infinite fusion-posts-container-load-more fusion-blog-layout-grid fusion-blog-layout-grid-3 isotope\" data-pages=\"1\" data-grid-col-space=\"30\" style=\"margin: -15px -15px 0;\"><div id=\"post-133\" class=\"fusion-post-grid post-133 post type-post status-publish format-standard has-post-thumbnail hentry category-aktuelle-artikel category-kuechenratgeber\">\n<div class=\"fusion-post-wrapper\">\t\t\t\n\t\t\t\n\t\t\t\n\t\t\t\n\t\t\t\t\t\t<div class=\"fusion-flexslider flexslider fusion-flexslider-loading fusion-post-slideshow\">\n\t\t\t\t<ul class=\"slides\">\n\t\t\t\t\t\t\t\t\t\t\t\t\t\t\t\t\t\t\t\t\t\t\t\t\t<li>\n\t\t\t\t\t\t<div class=\"fusion-image-wrapper\" aria-haspopup=\"true\"><img width=\"1170\" height=\"540\" src=\"https:\/\/www.kuechen.com\/ratgeber\/wp-content\/uploads\/Beitrag-Backofen-richtig-anschliessen.jpg\" class=\"attachment-full size-full wp-post-image\" alt=\"Backofen reinigen\" loading=\"lazy\" srcset=\"https:\/\/www.kuechen.com\/ratgeber\/wp-content\/uploads\/Beitrag-Backofen-richtig-anschliessen.jpg 1170w, https:\/\/www.kuechen.com\/ratgeber\/wp-content\/uploads\/Beitrag-Backofen-richtig-anschliessen-300x138.jpg 300w, https:\/\/www.kuechen.com\/ratgeber\/wp-content\/uploads\/Beitrag-Backofen-richtig-anschliessen-1024x473.jpg 1024w\" sizes=\"(max-width: 1170px) 100vw, 1170px\" \/>\t\t<div class=\"fusion-rollover\">\n\t\t\t<div class=\"fusion-rollover-content\">\n\n\t\t\t\t\n\t\t\t\t\t\t\t\t\t\t\t<a class=\"fusion-rollover-link\" href=\"https:\/\/www.kuechen.com\/ratgeber\/die-reinigung-und-pflege-von-backoefen\/\">Permalink<\/a>\n\t\t\t\t\t\n\t\t\t\t\t\t\t\t\t\n\t\t\t\t\n\t\t\t\t\n\t\t\t\t\n\t\t\t\t\n\t\t\t\t\n\t\t\t\t\t\t\t<\/div>\n\t\t<\/div>\n\t\t<\/div>\t\t\t\t\t<\/li>\n\t\t\t\t\t\t\t\t\t\t\t\t\t\t<\/ul>\n\t\t\t<\/div>\n\t\t\t<div class=\"fusion-post-content-wrapper\"><div class=\"fusion-post-content post-content\"><h2 class=\"entry-title\"><a href=\"https:\/\/www.kuechen.com\/ratgeber\/die-reinigung-und-pflege-von-backoefen\/\">Die Reinigung und Pflege von Back\u00f6fen<\/a><\/h2><div class=\"fusion-content-sep\"><\/div><div class=\"fusion-post-content-container\"><p> Wer sich einen neuen Backofen zulegen m\u00f6chte, der sollte nicht nur auf technische, sondern auch auf praktische Aspekte achten, damit der Backofen<\/p><\/div><\/div><div class=\"fusion-meta-info\"><div class=\"fusion-alignleft\"><a class=\"fusion-read-more\" href=\"https:\/\/www.kuechen.com\/ratgeber\/die-reinigung-und-pflege-von-backoefen\/\">Weiterlesen<\/a><\/div><\/div><\/div><div class=\"fusion-clearfix\"><\/div><\/div>\n<\/div>\n<div id=\"post-131\" class=\"fusion-post-grid post-131 post type-post status-publish format-standard has-post-thumbnail hentry category-aktuelle-artikel category-kuechenratgeber\">\n<div class=\"fusion-post-wrapper\">\t\t\t\n\t\t\t\n\t\t\t\n\t\t\t\n\t\t\t\t\t\t<div class=\"fusion-flexslider flexslider fusion-flexslider-loading fusion-post-slideshow\">\n\t\t\t\t<ul class=\"slides\">\n\t\t\t\t\t\t\t\t\t\t\t\t\t\t\t\t\t\t\t\t\t\t\t\t\t<li>\n\t\t\t\t\t\t<div class=\"fusion-image-wrapper\" aria-haspopup=\"true\"><img width=\"1170\" height=\"540\" src=\"https:\/\/www.kuechen.com\/ratgeber\/wp-content\/uploads\/Beitrag-Moderne-Kochfelder.jpg\" class=\"attachment-full size-full wp-post-image\" alt=\"Moderne Kochfelder\" loading=\"lazy\" srcset=\"https:\/\/www.kuechen.com\/ratgeber\/wp-content\/uploads\/Beitrag-Moderne-Kochfelder.jpg 1170w, https:\/\/www.kuechen.com\/ratgeber\/wp-content\/uploads\/Beitrag-Moderne-Kochfelder-300x138.jpg 300w, https:\/\/www.kuechen.com\/ratgeber\/wp-content\/uploads\/Beitrag-Moderne-Kochfelder-1024x473.jpg 1024w\" sizes=\"(max-width: 1170px) 100vw, 1170px\" \/>\t\t<div class=\"fusion-rollover\">\n\t\t\t<div class=\"fusion-rollover-content\">\n\n\t\t\t\t\n\t\t\t\t\t\t\t\t\t\t\t<a class=\"fusion-rollover-link\" href=\"https:\/\/www.kuechen.com\/ratgeber\/moderne-kochfelder\/\">Permalink<\/a>\n\t\t\t\t\t\n\t\t\t\t\t\t\t\t\t\n\t\t\t\t\n\t\t\t\t\n\t\t\t\t\n\t\t\t\t\n\t\t\t\t\n\t\t\t\t\t\t\t<\/div>\n\t\t<\/div>\n\t\t<\/div>\t\t\t\t\t<\/li>\n\t\t\t\t\t\t\t\t\t\t\t\t\t\t<\/ul>\n\t\t\t<\/div>\n\t\t\t<div class=\"fusion-post-content-wrapper\"><div class=\"fusion-post-content post-content\"><h2 class=\"entry-title\"><a href=\"https:\/\/www.kuechen.com\/ratgeber\/moderne-kochfelder\/\">Moderne Kochfelder<\/a><\/h2><div class=\"fusion-content-sep\"><\/div><div class=\"fusion-post-content-container\"><p> Die Modernisierung in der K\u00fcche hat auch vor den Kochfeldern nicht Halt gemacht. Innovative Kochfelder haben damit den althergebrachten K\u00fcchenherd abgel\u00f6st und<\/p><\/div><\/div><div class=\"fusion-meta-info\"><div class=\"fusion-alignleft\"><a class=\"fusion-read-more\" href=\"https:\/\/www.kuechen.com\/ratgeber\/moderne-kochfelder\/\">Weiterlesen<\/a><\/div><\/div><\/div><div class=\"fusion-clearfix\"><\/div><\/div>\n<\/div>\n<div id=\"post-129\" class=\"fusion-post-grid post-129 post type-post status-publish format-standard has-post-thumbnail hentry category-aktuelle-artikel category-kuechenratgeber\">\n<div class=\"fusion-post-wrapper\">\t\t\t\n\t\t\t\n\t\t\t\n\t\t\t\n\t\t\t\t\t\t<div class=\"fusion-flexslider flexslider fusion-flexslider-loading fusion-post-slideshow\">\n\t\t\t\t<ul class=\"slides\">\n\t\t\t\t\t\t\t\t\t\t\t\t\t\t\t\t\t\t\t\t\t\t\t\t\t<li>\n\t\t\t\t\t\t<div class=\"fusion-image-wrapper\" aria-haspopup=\"true\"><img width=\"1170\" height=\"540\" src=\"https:\/\/www.kuechen.com\/ratgeber\/wp-content\/uploads\/Beitrag-Kueche-planen.jpg\" class=\"attachment-full size-full wp-post-image\" alt=\"Einbauk\u00fcche mit Hochglanzfronten\" loading=\"lazy\" srcset=\"https:\/\/www.kuechen.com\/ratgeber\/wp-content\/uploads\/Beitrag-Kueche-planen.jpg 1170w, https:\/\/www.kuechen.com\/ratgeber\/wp-content\/uploads\/Beitrag-Kueche-planen-300x138.jpg 300w, https:\/\/www.kuechen.com\/ratgeber\/wp-content\/uploads\/Beitrag-Kueche-planen-1024x473.jpg 1024w\" sizes=\"(max-width: 1170px) 100vw, 1170px\" \/>\t\t<div class=\"fusion-rollover\">\n\t\t\t<div class=\"fusion-rollover-content\">\n\n\t\t\t\t\n\t\t\t\t\t\t\t\t\t\t\t<a class=\"fusion-rollover-link\" href=\"https:\/\/www.kuechen.com\/ratgeber\/kueche-planen-darauf-sollten-sie-achten\/\">Permalink<\/a>\n\t\t\t\t\t\n\t\t\t\t\t\t\t\t\t\n\t\t\t\t\n\t\t\t\t\n\t\t\t\t\n\t\t\t\t\n\t\t\t\t\n\t\t\t\t\t\t\t<\/div>\n\t\t<\/div>\n\t\t<\/div>\t\t\t\t\t<\/li>\n\t\t\t\t\t\t\t\t\t\t\t\t\t\t<\/ul>\n\t\t\t<\/div>\n\t\t\t<div class=\"fusion-post-content-wrapper\"><div class=\"fusion-post-content post-content\"><h2 class=\"entry-title\"><a href=\"https:\/\/www.kuechen.com\/ratgeber\/kueche-planen-darauf-sollten-sie-achten\/\">K\u00fcche planen: Darauf sollten Sie achten<\/a><\/h2><div class=\"fusion-content-sep\"><\/div><div class=\"fusion-post-content-container\"><p> Grunds\u00e4tzlich sollten Sie bei der K\u00fcchenplanung nat\u00fcrlich die Lebenssituation und pers\u00f6nliche Gewohnheiten beachten. Sind Sie beispielsweise Single, muss die K\u00fcche andere Anforderungen<\/p><\/div><\/div><div class=\"fusion-meta-info\"><div class=\"fusion-alignleft\"><a class=\"fusion-read-more\" href=\"https:\/\/www.kuechen.com\/ratgeber\/kueche-planen-darauf-sollten-sie-achten\/\">Weiterlesen<\/a><\/div><\/div><\/div><div class=\"fusion-clearfix\"><\/div><\/div>\n<\/div>\n<div id=\"post-127\" class=\"fusion-post-grid post-127 post type-post status-publish format-standard has-post-thumbnail hentry category-aktuelle-artikel category-kuechenratgeber\">\n<div class=\"fusion-post-wrapper\">\t\t\t\n\t\t\t\n\t\t\t\n\t\t\t\n\t\t\t\t\t\t<div class=\"fusion-flexslider flexslider fusion-flexslider-loading fusion-post-slideshow\">\n\t\t\t\t<ul class=\"slides\">\n\t\t\t\t\t\t\t\t\t\t\t\t\t\t\t\t\t\t\t\t\t\t\t\t\t<li>\n\t\t\t\t\t\t<div class=\"fusion-image-wrapper\" aria-haspopup=\"true\"><img width=\"1170\" height=\"540\" src=\"https:\/\/www.kuechen.com\/ratgeber\/wp-content\/uploads\/Beitrag-Dunstabzugshaube.jpg\" class=\"attachment-full size-full wp-post-image\" alt=\"Montage der Dunstabzugshaube\" loading=\"lazy\" srcset=\"https:\/\/www.kuechen.com\/ratgeber\/wp-content\/uploads\/Beitrag-Dunstabzugshaube.jpg 1170w, https:\/\/www.kuechen.com\/ratgeber\/wp-content\/uploads\/Beitrag-Dunstabzugshaube-300x138.jpg 300w, https:\/\/www.kuechen.com\/ratgeber\/wp-content\/uploads\/Beitrag-Dunstabzugshaube-1024x473.jpg 1024w\" sizes=\"(max-width: 1170px) 100vw, 1170px\" \/>\t\t<div class=\"fusion-rollover\">\n\t\t\t<div class=\"fusion-rollover-content\">\n\n\t\t\t\t\n\t\t\t\t\t\t\t\t\t\t\t<a class=\"fusion-rollover-link\" href=\"https:\/\/www.kuechen.com\/ratgeber\/dunstabzugshaube-montieren\/\">Permalink<\/a>\n\t\t\t\t\t\n\t\t\t\t\t\t\t\t\t\n\t\t\t\t\n\t\t\t\t\n\t\t\t\t\n\t\t\t\t\n\t\t\t\t\n\t\t\t\t\t\t\t<\/div>\n\t\t<\/div>\n\t\t<\/div>\t\t\t\t\t<\/li>\n\t\t\t\t\t\t\t\t\t\t\t\t\t\t<\/ul>\n\t\t\t<\/div>\n\t\t\t<div class=\"fusion-post-content-wrapper\"><div class=\"fusion-post-content post-content\"><h2 class=\"entry-title\"><a href=\"https:\/\/www.kuechen.com\/ratgeber\/dunstabzugshaube-montieren\/\">Dunstabzugshaube Montieren<\/a><\/h2><div class=\"fusion-content-sep\"><\/div><div class=\"fusion-post-content-container\"><p> Dunstabzugshauben geh\u00f6ren heute zur Standardausstattung jeder K\u00fcche. Sie saugen fetthaltige K\u00fcchenwrasen und Ger\u00fcche vom Kochen ab und verhindern, dass sich deren R\u00fcckst\u00e4nde<\/p><\/div><\/div><div class=\"fusion-meta-info\"><div class=\"fusion-alignleft\"><a class=\"fusion-read-more\" href=\"https:\/\/www.kuechen.com\/ratgeber\/dunstabzugshaube-montieren\/\">Weiterlesen<\/a><\/div><\/div><\/div><div class=\"fusion-clearfix\"><\/div><\/div>\n<\/div>\n<div id=\"post-125\" class=\"fusion-post-grid post-125 post type-post status-publish format-standard has-post-thumbnail hentry category-aktuelle-artikel category-kuechenplanung\">\n<div class=\"fusion-post-wrapper\">\t\t\t\n\t\t\t\n\t\t\t\n\t\t\t\n\t\t\t\t\t\t<div class=\"fusion-flexslider flexslider fusion-flexslider-loading fusion-post-slideshow\">\n\t\t\t\t<ul class=\"slides\">\n\t\t\t\t\t\t\t\t\t\t\t\t\t\t\t\t\t\t\t\t\t\t\t\t\t<li>\n\t\t\t\t\t\t<div class=\"fusion-image-wrapper\" aria-haspopup=\"true\"><img width=\"1170\" height=\"540\" src=\"https:\/\/www.kuechen.com\/ratgeber\/wp-content\/uploads\/Beitrag-Kuechenmontage.jpg\" class=\"attachment-full size-full wp-post-image\" alt=\"K\u00fcchenmontage\" loading=\"lazy\" srcset=\"https:\/\/www.kuechen.com\/ratgeber\/wp-content\/uploads\/Beitrag-Kuechenmontage.jpg 1170w, https:\/\/www.kuechen.com\/ratgeber\/wp-content\/uploads\/Beitrag-Kuechenmontage-300x138.jpg 300w, https:\/\/www.kuechen.com\/ratgeber\/wp-content\/uploads\/Beitrag-Kuechenmontage-1024x473.jpg 1024w\" sizes=\"(max-width: 1170px) 100vw, 1170px\" \/>\t\t<div class=\"fusion-rollover\">\n\t\t\t<div class=\"fusion-rollover-content\">\n\n\t\t\t\t\n\t\t\t\t\t\t\t\t\t\t\t<a class=\"fusion-rollover-link\" href=\"https:\/\/www.kuechen.com\/ratgeber\/kuechenmontage-leicht-gemacht\/\">Permalink<\/a>\n\t\t\t\t\t\n\t\t\t\t\t\t\t\t\t\n\t\t\t\t\n\t\t\t\t\n\t\t\t\t\n\t\t\t\t\n\t\t\t\t\n\t\t\t\t\t\t\t<\/div>\n\t\t<\/div>\n\t\t<\/div>\t\t\t\t\t<\/li>\n\t\t\t\t\t\t\t\t\t\t\t\t\t\t<\/ul>\n\t\t\t<\/div>\n\t\t\t<div class=\"fusion-post-content-wrapper\"><div class=\"fusion-post-content post-content\"><h2 class=\"entry-title\"><a href=\"https:\/\/www.kuechen.com\/ratgeber\/kuechenmontage-leicht-gemacht\/\"><\/a><\/h2><div class=\"fusion-content-sep\"><\/div><div class=\"fusion-post-content-container\"><p> K\u00fcchenmontage Die K\u00fcche selbst zu montieren kostet wohl etwas Zeit, daf\u00fcr k\u00f6nnen Sie aber eine Menge Geld sparen. Mit etwas Geschick und<\/p><\/div><\/div><div class=\"fusion-meta-info\"><div class=\"fusion-alignleft\"><a class=\"fusion-read-more\" href=\"https:\/\/www.kuechen.com\/ratgeber\/kuechenmontage-leicht-gemacht\/\">Weiterlesen<\/a><\/div><\/div><\/div><div class=\"fusion-clearfix\"><\/div><\/div>\n<\/div>\n<div id=\"post-123\" class=\"fusion-post-grid post-123 post type-post status-publish format-standard has-post-thumbnail hentry category-aktuelle-artikel category-kuechenratgeber\">\n<div class=\"fusion-post-wrapper\">\t\t\t\n\t\t\t\n\t\t\t\n\t\t\t\n\t\t\t\t\t\t<div class=\"fusion-flexslider flexslider fusion-flexslider-loading fusion-post-slideshow\">\n\t\t\t\t<ul class=\"slides\">\n\t\t\t\t\t\t\t\t\t\t\t\t\t\t\t\t\t\t\t\t\t\t\t\t\t<li>\n\t\t\t\t\t\t<div class=\"fusion-image-wrapper\" aria-haspopup=\"true\"><img width=\"1170\" height=\"540\" src=\"https:\/\/www.kuechen.com\/ratgeber\/wp-content\/uploads\/beitrag-Kauf-einer-neuen-Kueche.jpg\" class=\"attachment-full size-full wp-post-image\" alt=\"Kauf einer neuen K\u00fcche\" loading=\"lazy\" srcset=\"https:\/\/www.kuechen.com\/ratgeber\/wp-content\/uploads\/beitrag-Kauf-einer-neuen-Kueche.jpg 1170w, https:\/\/www.kuechen.com\/ratgeber\/wp-content\/uploads\/beitrag-Kauf-einer-neuen-Kueche-300x138.jpg 300w, https:\/\/www.kuechen.com\/ratgeber\/wp-content\/uploads\/beitrag-Kauf-einer-neuen-Kueche-1024x473.jpg 1024w\" sizes=\"(max-width: 1170px) 100vw, 1170px\" \/>\t\t<div class=\"fusion-rollover\">\n\t\t\t<div class=\"fusion-rollover-content\">\n\n\t\t\t\t\n\t\t\t\t\t\t\t\t\t\t\t<a class=\"fusion-rollover-link\" href=\"https:\/\/www.kuechen.com\/ratgeber\/was-sollte-man-vor-dem-kauf-einer-kueche-beachten\/\">Permalink<\/a>\n\t\t\t\t\t\n\t\t\t\t\t\t\t\t\t\n\t\t\t\t\n\t\t\t\t\n\t\t\t\t\n\t\t\t\t\n\t\t\t\t\n\t\t\t\t\t\t\t<\/div>\n\t\t<\/div>\n\t\t<\/div>\t\t\t\t\t<\/li>\n\t\t\t\t\t\t\t\t\t\t\t\t\t\t<\/ul>\n\t\t\t<\/div>\n\t\t\t<div class=\"fusion-post-content-wrapper\"><div class=\"fusion-post-content post-content\"><h2 class=\"entry-title\"><a href=\"https:\/\/www.kuechen.com\/ratgeber\/was-sollte-man-vor-dem-kauf-einer-kueche-beachten\/\">Was sollte man vor dem Kauf einer K\u00fcche beachten?<\/a><\/h2><div class=\"fusion-content-sep\"><\/div><div class=\"fusion-post-content-container\"><p> Geht es um die Anschaffung einer K\u00fcche, gibt es einiges zu beachten, damit sp\u00e4ter beim Einbau auch alles passt. Die neue K\u00fcche<\/p><\/div><\/div><div class=\"fusion-meta-info\"><div class=\"fusion-alignleft\"><a class=\"fusion-read-more\" href=\"https:\/\/www.kuechen.com\/ratgeber\/was-sollte-man-vor-dem-kauf-einer-kueche-beachten\/\">Weiterlesen<\/a><\/div><\/div><\/div><div class=\"fusion-clearfix\"><\/div><\/div>\n<\/div>\n<div class=\"fusion-clearfix\"><\/div><\/div><div class=\"fusion-load-more-button fusion-clearfix\">Load More Posts<\/div><\/div><div class=\"fusion-clearfix\"><\/div><\/div><\/div><div class=\"fusion-clearfix\"><\/div><\/div><\/div>\n","protected":false},"excerpt":{"rendered":"","protected":false},"author":1,"featured_media":0,"parent":0,"menu_order":0,"comment_status":"closed","ping_status":"closed","template":"100-width.php","meta":[],"_links":{"self":[{"href":"https:\/\/www.kuechen.com\/ratgeber\/wp-json\/wp\/v2\/pages\/429"}],"collection":[{"href":"https:\/\/www.kuechen.com\/ratgeber\/wp-json\/wp\/v2\/pages"}],"about":[{"href":"https:\/\/www.kuechen.com\/ratgeber\/wp-json\/wp\/v2\/types\/page"}],"author":[{"embeddable":true,"href":"https:\/\/www.kuechen.com\/ratgeber\/wp-json\/wp\/v2\/users\/1"}],"replies":[{"embeddable":true,"href":"https:\/\/www.kuechen.com\/ratgeber\/wp-json\/wp\/v2\/comments?post=429"}],"version-history":[{"count":4,"href":"https:\/\/www.kuechen.com\/ratgeber\/wp-json\/wp\/v2\/pages\/429\/revisions"}],"predecessor-version":[{"id":486,"href":"https:\/\/www.kuechen.com\/ratgeber\/wp-json\/wp\/v2\/pages\/429\/revisions\/486"}],"wp:attachment":[{"href":"https:\/\/www.kuechen.com\/ratgeber\/wp-json\/wp\/v2\/media?parent=429"}],"curies":[{"name":"wp","href":"https:\/\/api.w.org\/{rel}","templated":true}]}}